 k(0).
2, 3, 103
Let l be (18/12)/((-9)/(-24)). Let n = l - 1. Suppose 7*w - 6*w - 20 = -3*g, 4*w - 35 = -n*g. What are the prime factors of g?
5
Suppose -4 = 2*g - 2*c, 2*g - 3*g + 18 = 4*c. Suppose 2*o = -2*s + 428, 3*o + g = 4*o. What are the prime factors of s?
2, 53
Suppose -u = -6*c - 32409, -29*u - c + 64857 = -27*u. What are the prime factors of u?
3, 1201
Suppose -8*h - 8254 = 11570. What are the prime factors of (-3 - h/(-9))/(16/(-48))?
5, 167
Suppose 76*j - 92*j + 669005 = 242237. What are the prime factors of j?
3, 17, 523
Let d(b) = b**3 - 7*b**2 - 2*b + 4. Let s be d(7). Let p(v) = -15*v - 24. Let w be p(s). Let u = -62 + w. What are the prime factors of u?
2
Suppose 11*c = -7*c + 72. What are the prime factors of 21850/65 - c/26?
2, 3, 7
Let x be ((-144)/(-21))/(-8)*7. What are the prime factors of (-3)/(-2)*((-3188)/x - -6)?
2, 13, 31
Let d = 29801 - 21106. What are the prime factors of d?
5, 37, 47
Suppose 5*i - 72 = 3*n, 0 = -4*n - 1 + 5. Suppose i = 5*o + 5. Suppose 5*u = 3*w + 115, -46 = -0*u - o*u - w. List the prime factors of u.
23
Let d(y) = 158*y**2 - 13*y + 5. Let r be d(2). Suppose 0 = r*j - 606*j - 4430. List the prime factors of j.
2, 443
Suppose -2*s - 1955 = q, 11*q - 2*s = 16*q + 9735. Let b = q + 3510. What are the prime factors of b?
5, 313
Suppose 97*a + 185792 = 58*a + 55*a. List the prime factors of a.
2, 2903
Let z(p) = -2*p**2 - 57*p + 10. Let a be z(-23). Let q = a - 186. Suppose -2*f = -15 - q. What are the prime factors of f?
2, 23
List the prime factors of ((-1)/(-12) - 43076/(-48))*(-8)/(-10).
2, 359
Suppose -4*m = -18 + 66. Let x be -6*16/m - 4. Suppose 2*v - 324 = -2*d, -4*d = -x*v + 154 + 454. List the prime factors of v.
157
Let q = 883 + -496. Let d be 5 + (-12 + 7 - 0). Suppose -2*y - 5*h + 166 = -h, d = -4*y + 3*h + q. What are the prime factors of y?
3, 31
Suppose -281807 - 80518 = -75*i. List the prime factors of i.
4831
Let u(w) = 5*w**3 + w**2 + 4*w + 136. Let x(r) = 14*r**3 + 3*r**2 + 12*r + 407. Let i(l) = -11*u(l) + 4*x(l). List the prime factors of i(0).
2, 3, 11
Let z be ((1 - 2)*4)/((-1)/86). Let t = z - -28. What are the prime factors of t?
2, 3, 31
Let m = -36 + 40. Suppose -m*j + 67 = 11. Suppose 4*z - 18 = j. What are the prime factors of z?
2
Let h = 9 + 3. Suppose q = 3*v + 23, 5*v - q + 3*q + 53 = 0. What are the prime factors of (v/6)/(h/(-752))?
2, 47
Let a(n) = 17*n**2 + 19*n + 57. Let v(m) = -6*m**2 - 7*m - 19. Let l(y) = 4*a(y) + 11*v(y). What are the prime factors of l(6)?
5, 17
Let m(f) = -139*f + 13. Let k(w) = -138*w + 14. Let n(p) = 3*k(p) - 4*m(p). What are the prime factors of n(3)?
2, 13
Let q = 287 + 18927. What are the prime factors of q?
2, 13, 739
Let s(z) = -337*z + 17. Let y be (12/36)/((-1)/3). What are the prime factors of s(y)?
2, 3, 59
Let s = 246 + -226. Suppose s*w = 12*w + 1176. List the prime factors of w.
3, 7
Suppose 0 = 203*g + 557243 - 3235219. What are the prime factors of g?
2, 17, 97
Suppose -31*i + 16289 = -25*i - 80755. What are the prime factors of i?
2, 8087
Suppose 3*z + 5*b - 4 = 0, 2*b + 16 = 5*z + b. Let u be (18 + -51)*(-1)/z. Let m(a) = 8*a - 4. What are the prime factors of m(u)?
2, 3, 7
Let s(c) = -3*c - 15. Let g be s(-6). Suppose g*x - 20 + 11 = 0. Suppose -x*h = t - 687, 0 = -6*t + t - 15. What are the prime factors of h?
2, 5, 23
Let a = 1033 - 406. Let v = a - 335. List the prime factors of v.
2, 73
Suppose -6*b - 24*b = -2700. List the prime factors of b/27*(-5022)/(-15).
2, 3, 31
Let c(q) = 492*q**2 - 52*q + 383. List the prime factors of c(9).
7, 13, 19, 23
Suppose n + 80 = 4*k, 27 = 2*k - 3*n - 23. Let q = k + -15. Suppose 2*c + 2*j = 4*c - 36, 0 = -3*c + q*j + 51. What are the prime factors of c?
3, 7
Suppose -25 = 3*s - 105 - 28. What are the prime factors of s?
2, 3
Let b = 35 - 31. Suppose -2*o - 2*z - 3*z = -375, 2*o - b*z - 330 = 0. List the prime factors of o.
5, 7
Let y be (-28)/8*2340/(-91). What are the prime factors of (63 - 5)/(4/y) - -1?
2, 653
Let f(z) = 13*z - 3. Let n be f(-5). Let l be (0/5)/((-2)/((-12)/6)). What are the prime factors of l + (-3 - (n - -3))?
2, 31
Suppose -6*f - 3*f = f. Suppose 66*m - 83*m + 2006 = f. What are the prime factors of m?
2, 59
Let w(r) = -10*r**2 - 44*r + 7. Let c(j) = -17*j**2 - 89*j + 13. Let l(y) = -4*c(y) + 7*w(y). What are the prime factors of l(18)?
3, 71
Suppose 0 = 7*y + 7 - 35. Suppose 4*w = y*p - 404 - 1972, -w + 1802 = 3*p. List the prime factors of p.
599
Let m be (-791)/(-3) + 4/(-6). Suppose -732 = 142*v - 116*v + 2180. Let u = v + m. What are the prime factors of u?
151
Let d be ((-4 - -1) + 0)*-1. Let i(h) = -h**2 + 8*h - 3. Let u be i(d). Suppose 51 = a + c, 3*c + u = -c. List the prime factors of a.
2, 3
Suppose -4*g = 2*l - 46304, -368*g - 11620 = -369*g + 5*l. List the prime factors of g.
2, 3, 5, 193
Suppose 26 - 22 = t. Suppose -t*n + 2583 = 5*o, 2*n - 519 = -2*o + o. What are the prime factors of o?
5, 103
Let z = -317 + 6003. List the prime factors of z.
2, 2843
Let d = -250 - -254. Let c(t) = -9 + 10*t**2 + 0*t - 3*t + t. List the prime factors of c(d).
11, 13
Suppose 511660 = 11*d - 54950. What are the prime factors of d?
2, 3, 5, 17, 101
Let q = 50819 + -28168. What are the prime factors of q?
22651
Let g(o) = -51*o + 79. Let t be 7/(-7)*(2 + 10). What are the prime factors of g(t)?
691
What are the prime factors of 16082 + (40/(-15))/(-1 - 22/(-33))?
2, 5, 1609
Suppose -92 = -5*m - 0*m - 3*u, 3*m + 3*u = 60. What are the prime factors of (708/m)/((-15)/(-100))?
5, 59
Suppose 2*m + 60 = 2*f, -3*m + 6*m = -2*f + 45. Suppose 5*h + 4*t = 135, -h - 9*t + 5*t = -f. What are the prime factors of h?
3
Let u(b) = -32*b**3 + 27*b**2 + 10*b - 120. What are the prime factors of u(-12)?
2, 3, 307
Let u be (1/4)/((-6)/(-120)). Let h = -2 + u. Suppose -3*k - 3*y - 2*y = -191, 2*k - 121 = h*y. List the prime factors of k.
2, 31
Let g = 67961 - 27255. List the prime factors of g.
2, 20353
Let i(c) = -3*c - 39. Let q be i(-20). Let x be ((-4)/((-24)/(-27)))/(q/(-2072)). Suppose -13*v = -17*v + x. What are the prime factors of v?
3, 37
Suppose -p - a - 1447 = 0, 11*p + 2*a - 7221 = 16*p. What are the prime factors of p/(-5) - 4/(-1)?
293
Suppose 20556 = m - 20*m + 169516. List the prime factors of m.
2, 5, 7
Let j(y) = -19*y + 79. Let w be j(-15). Let c = 429 - w. What are the prime factors of c?
5, 13
Suppose -44*q + 757728 = 4*q. List the prime factors of q.
2, 3, 877
Suppose 13*f - 181 = 144. Let g be -50*(-2 - f/(-10)). Let b = 33 + g. What are the prime factors of b?
2
Let h be 9/(3/1164*-385 - -1). Suppose 18*g - 21*g = -h. List the prime factors of g.
2, 97
Suppose q - 14377 = -3*b, -4*b + 3*b = 3*q - 4803. List the prime factors of b.
3, 1597
Let o(i) = 8*i**2 - 18*i + 58. Let k(g) = -7*g**2 + 19*g - 57. Let y(q) = -6*k(q) - 5*o(q). What are the prime factors of y(23)?
2, 3, 31
List the prime factors of 465/(-651) + 46*38162/28.
2, 3, 43
Let b be 1 - ((0 - -6) + -233 + 11). Let h(u) = -25*u - 4. Let i be h(-5). Suppose 2*t - b = i. List the prime factors of t.
13
Suppose 0 = 2*o + 2*q + 18, 11 = 4*o + 2*q + 47. Let i = -220 - -394. What are the prime factors of -3*(i/o)/1 - 3?
5, 11
Suppose -4*c + 3*t = 38, -5*c - 2*t = 55 + 4. Let q = c - -12. List the prime factors of (-2)/(3/(-6)*q).
2
Let x be (-5 - 739/(-1)) + 4. Let m = -456 + x. What are the prime factors of m?
2, 3, 47
Suppose 160*h - 503*h + 4841227 = 427846. List the prime factors of h.
3, 4289
Suppose h - 4*q = -12, -5*h - 5*q - 2 = -2*h. Let y be -2*(-4)/(-16)*h. List the prime factors of (-2)/4 - (-53)/y.
2, 13
Let y(h) = 141*h**2 - 64*h + 45. List the prime factors of y(-9).
2, 3, 223
Let f = 16 + 2. Suppose -o = -4*s - f, 22*o = 27*o - s - 185. List the prime factors of o.
2, 19
Suppose -27*i + 9 = -30*i. What are the prime factors of 2/i*((-332)/2 + -5)?
2, 3, 19
Let j(w) = 6 + 17 - 8*w + 89*w - 44*w. List the prime factors of j(17).
2, 163
List the prime factors of (-12)/(-18)*(3 + -8 + (-5821)/(-2)).
13, 149
Let a(j) = -j**2 + 13*j + 2. Let c be a(13). Let q be -42*(0 - (c + 9/(-6))). Suppose -q*v + 904 = -13*v. List the prime factors of v.
113
Suppose 0 = -8*r + 12*r + 28, 3*q = -3*r + 18597. List the prime factors of q.
2, 29, 107
Let s = -11800 + 35367. What are the prime factors o